{"id":131,"date":"2021-01-09T16:03:42","date_gmt":"2021-01-09T16:03:42","guid":{"rendered":"https:\/\/brueder-schoenfeld-forum.de\/?page_id=131"},"modified":"2026-02-03T12:00:27","modified_gmt":"2026-02-03T12:00:27","slug":"ns-verfolgte","status":"publish","type":"page","link":"https:\/\/brueder-schoenfeld-forum.de\/?page_id=131","title":{"rendered":"NS-Verfolgte"},"content":{"rendered":"\n<div class=\"wp-block-image\"><figure class=\"aligncenter size-large\"><img loading=\"lazy\" width=\"1024\" height=\"685\" src=\"https:\/\/brueder-schoenfeld-forum.de\/wp-content\/uploads\/2021\/01\/Stern_Heinrich_Buchenwald_1-1024x685.jpg\" alt=\"\" class=\"wp-image-237\" srcset=\"https:\/\/brueder-schoenfeld-forum.de\/wp-content\/uploads\/2021\/01\/Stern_Heinrich_Buchenwald_1-1024x685.jpg 1024w, https:\/\/brueder-schoenfeld-forum.de\/wp-content\/uploads\/2021\/01\/Stern_Heinrich_Buchenwald_1-300x201.jpg 300w, https:\/\/brueder-schoenfeld-forum.de\/wp-content\/uploads\/2021\/01\/Stern_Heinrich_Buchenwald_1-768x514.jpg 768w, https:\/\/brueder-schoenfeld-forum.de\/wp-content\/uploads\/2021\/01\/Stern_Heinrich_Buchenwald_1.jpg 1196w\" sizes=\"(max-width: 1024px) 100vw, 1024px\" \/><figcaption>Karteikarte des im Konzentrationslager Buchenwald gestorbenen Heinrich Stern aus Bischofsheim (Quelle: Arolsen Archives)<\/figcaption><\/figure><\/div>\n\n\n\n\n\n<ul><li><a href=\"https:\/\/brueder-schoenfeld-forum.de\/wp-content\/uploads\/2026\/02\/BibBlatt01.pdf\">Juden in D\u00f6rnigheim<\/a><br><a rel=\"noreferrer noopener\" href=\"http:\/\/www.br\u00fcder-sch\u00f6nfeld-forum.de\/Juden_B.htm\" target=\"_blank\">Juden in Bischofsheim<\/a><\/li><li><a rel=\"noreferrer noopener\" href=\"http:\/\/www.br\u00fcder-sch\u00f6nfeld-forum.de\/Juden_H.htm\" data-type=\"URL\" data-id=\"http:\/\/www.br\u00fcder-sch\u00f6nfeld-forum.de\/Juden_H.htm\" target=\"_blank\">Juden in Hochstadt<\/a><\/li><li><a rel=\"noreferrer noopener\" href=\"http:\/\/www.br\u00fcder-sch\u00f6nfeld-forum.de\/Juden_W.htm\" target=\"_blank\">Juden in Wachenbuchen<\/a><\/li><li><a rel=\"noreferrer noopener\" href=\"http:\/\/www.br\u00fcder-sch\u00f6nfeld-forum.de\/Politisch_Verfolgte.htm\" target=\"_blank\">Politisch Verfolgte<\/a><\/li><li><a rel=\"noreferrer noopener\" href=\"http:\/\/www.br\u00fcder-sch\u00f6nfeld-forum.de\/Euthanasie_Opfer.htm\" target=\"_blank\">Opfer des Programms zur Ermordung Psychisch Kranker und Behinderter<\/a><\/li><\/ul>\n\n\n\n<p>Die Verfolgten der nationalsozialistischen Herrschaft zwischen in den Orten D\u00f6rnigheim, Bischofsheim, Hochstadt und Wachenbuchen (heute zur Stadt Maintal) waren &#8211; wie andernorts auch &#8211; \u00fcberwiegend Angeh\u00f6rige der J\u00fcdischen Gemeinden. Synagogen mit angeschlossener Israelitischer Schule gab es in Wachenbuchen, wo die weitaus meisten Juden lebten und im benachbarten Hochstadt, zu deren Synagogengemeinde die nicht so zahlreichen Juden aus den anderen drei Orten geh\u00f6rten. Soweit die j\u00fcdischen Einwohner nicht fr\u00fchzeitig ausgewandert waren, wurden sie aus den Heimatgemeinden ins benachbarte Frankfurt vertrieben. Von hier aus gelang einigen noch die Flucht, andere wurden ab Oktober 1941 deportiert und bis auf wenige \u00dcberlebende ermordet.<\/p>\n\n\n\n<p>Politisch Verfolgte wohnten \u00fcberwiegend in D\u00f6rnigheim und Bischofsheim, D\u00f6rfer mit nennenswerter, h\u00e4ufig kommunistisch eingestellter Arbeiterschaft.<\/p>\n\n\n\n<p>Einzelne Frauen und M\u00e4nner gerieten als Behinderte oder psychisch Kranke in das Vernichtungsprogramm, landl\u00e4ufig mit dem besch\u00f6nigenden Begriff der &#8222;Euthanasie&#8220; belegt. V\u00f6llig undokumentiert und daher nicht Teil der \u00f6ffentlichen Erinnerung sind die Opfer der beh\u00f6rdlich angeordneten Sterilisation von M\u00e4nnern und Frauen. Es wird aber auf Nachfrage glaubhaft versichert, dass es solche F\u00e4lle in den genannten Orten gegeben hat.<\/p>\n\n\n\n<p>Der Verein verf\u00fcgt zudem \u00fcber eine umfangreiche, aktuelle Datenbank zu allen Opfern der Deportation aus Frankfurt am Main nach Kowno (Kaunas) in Litauen. Die Datensammlung b\u00fcndelt f\u00fcr den jeweiligen Einzelfall die Dokumente von Arolsen Archives, den Personenstandsarchiven, dem Hess. Hauptstaatsarchiv Wiesbaden und wertet zus\u00e4tzliche Angaben von ancestry.de aus. <\/p>\n\n\n\n<p>Interessierte richten ihre Anfrage, Korrektur oder Erg\u00e4nzung an mail@brueder-schoenfeld-forum.de.<\/p>\n\n\n\n<p><\/p>\n","protected":false},"excerpt":{"rendered":"<p>Juden in D\u00f6rnigheimJuden in Bischofsheim Juden in Hochstadt Juden in Wachenbuchen Politisch Verfolgte Opfer des Programms zur Ermordung Psychisch Kranker und Behinderter Die Verfolgten der nationalsozialistischen Herrschaft zwischen in den [&hellip;]<\/p>\n","protected":false},"author":1,"featured_media":0,"parent":0,"menu_order":0,"comment_status":"closed","ping_status":"closed","template":"","meta":{"_expiration-date-status":"","_expiration-date":0,"_expiration-date-type":"","_expiration-date-categories":[],"_expiration-date-options":[]},"_links":{"self":[{"href":"https:\/\/brueder-schoenfeld-forum.de\/index.php?rest_route=\/wp\/v2\/pages\/131"}],"collection":[{"href":"https:\/\/brueder-schoenfeld-forum.de\/index.php?rest_route=\/wp\/v2\/pages"}],"about":[{"href":"https:\/\/brueder-schoenfeld-forum.de\/index.php?rest_route=\/wp\/v2\/types\/page"}],"author":[{"embeddable":true,"href":"https:\/\/brueder-schoenfeld-forum.de\/index.php?rest_route=\/wp\/v2\/users\/1"}],"replies":[{"embeddable":true,"href":"https:\/\/brueder-schoenfeld-forum.de\/index.php?rest_route=%2Fwp%2Fv2%2Fcomments&post=131"}],"version-history":[{"count":40,"href":"https:\/\/brueder-schoenfeld-forum.de\/index.php?rest_route=\/wp\/v2\/pages\/131\/revisions"}],"predecessor-version":[{"id":1584,"href":"https:\/\/brueder-schoenfeld-forum.de\/index.php?rest_route=\/wp\/v2\/pages\/131\/revisions\/1584"}],"wp:attachment":[{"href":"https:\/\/brueder-schoenfeld-forum.de\/index.php?rest_route=%2Fwp%2Fv2%2Fmedia&parent=131"}],"curies":[{"name":"wp","href":"https:\/\/api.w.org\/{rel}","templated":true}]}}