{"id":4,"date":"2021-01-08T10:00:27","date_gmt":"2021-01-08T10:00:27","guid":{"rendered":"https:\/\/brueder-schoenfeld-forum.de\/?page_id=4"},"modified":"2026-03-05T15:48:04","modified_gmt":"2026-03-05T15:48:04","slug":"willkommen-auf-https-brueder-schoenfeld-forum-de","status":"publish","type":"page","link":"https:\/\/brueder-schoenfeld-forum.de\/","title":{"rendered":"Br\u00fcder-Sch\u00f6nfeld-Forum e.V."},"content":{"rendered":"\n<p>Verein f\u00fcr Menschlichkeit und Toleranz<\/p>\n\n\n\n<hr class=\"wp-block-separator\"\/>\n\n\n\n<hr class=\"wp-block-separator\"\/>\n\n\n\n<hr class=\"wp-block-separator\"\/>\n\n\n\n<p><\/p>\n\n\n\n<p>Wir sind Mitglied der Landesarbeitsgemeinschaft der Gedenkst\u00e4tten und Erinnerungsinitiativen zur NS-Zeit in Hessen, im bundesweiten Verein Gegen Vergessen &#8211; F\u00fcr Demokratie e.V. mit Sitz in Berlin sowie im Verein Lagergemeinschaft Auschwitz &#8211; Freundeskreis der Auschwitzer e.V, Sitz M\u00fcnzenberg.<\/p>\n\n\n\n<figure class=\"wp-block-image size-large\"><img loading=\"lazy\" width=\"250\" height=\"50\" src=\"https:\/\/brueder-schoenfeld-forum.de\/wp-content\/uploads\/2021\/01\/logo_gegenvergessen_mini.jpg\" alt=\"\" class=\"wp-image-275\"\/><\/figure>\n\n\n\n<figure class=\"wp-block-image size-large is-resized\"><img loading=\"lazy\" src=\"https:\/\/brueder-schoenfeld-forum.de\/wp-content\/uploads\/2026\/02\/logo_Auschwitzer-1-1024x136.png\" alt=\"\" class=\"wp-image-1589\" width=\"346\" height=\"45\" srcset=\"https:\/\/brueder-schoenfeld-forum.de\/wp-content\/uploads\/2026\/02\/logo_Auschwitzer-1-1024x136.png 1024w, https:\/\/brueder-schoenfeld-forum.de\/wp-content\/uploads\/2026\/02\/logo_Auschwitzer-1-300x40.png 300w, https:\/\/brueder-schoenfeld-forum.de\/wp-content\/uploads\/2026\/02\/logo_Auschwitzer-1-768x102.png 768w, https:\/\/brueder-schoenfeld-forum.de\/wp-content\/uploads\/2026\/02\/logo_Auschwitzer-1.png 1090w\" sizes=\"(max-width: 346px) 100vw, 346px\" \/><\/figure>\n\n\n\n<div class=\"wp-block-image\"><figure class=\"alignleft is-resized\"><img loading=\"lazy\" src=\"https:\/\/brueder-schoenfeld-forum.de\/wp-content\/uploads\/2025\/01\/Buendnis_Logo-300x100.webp\" alt=\"\" class=\"wp-image-1311\" width=\"215\" height=\"72\" srcset=\"https:\/\/brueder-schoenfeld-forum.de\/wp-content\/uploads\/2025\/01\/Buendnis_Logo-300x100.webp 300w, https:\/\/brueder-schoenfeld-forum.de\/wp-content\/uploads\/2025\/01\/Buendnis_Logo.webp 588w\" sizes=\"(max-width: 215px) 100vw, 215px\" \/><\/figure><\/div>\n\n\n\n<p><\/p>\n\n\n\n<p class=\"has-text-align-right has-normal-font-size\">Eichenheege 12 B, D-63477 Maintal<br>mail@brueder-schoenfeld-forum.de<br>   +49 6181 495889<\/p>\n\n\n\n<p class=\"has-normal-font-size\"><\/p>\n\n\n\n<div class=\"wp-block-columns alignfull are-vertically-aligned-top\">\n<div class=\"wp-block-column is-vertically-aligned-top\" style=\"flex-basis:95%\"><\/div>\n<\/div>\n\n\n\n<p class=\"has-text-align-center\">Konto bei der Sparkasse Hanau&nbsp;&nbsp;IBAN DE 93 5065 0023 0053 0108 23 BIC HELADEF1HAN<br>Wir sind vom Finanzamt Hanau als gemeinn\u00fctzig anerkannt.<\/p>\n\n\n\n<p style=\"text-align: right;\"><span style=\"color: #808080; background-color: #ffffff;\">Vereinslogo: Karin Goetz (\u2020)&nbsp;<\/span><\/p>\n\n\n\n\n\n<hr \/>\n<p>\u00a0<\/p>\n\n\n\n<p>  <\/p>\n\n\n\n<hr class=\"wp-block-separator\"\/>\n\n\n\n<hr class=\"wp-block-separator\"\/>\n\n\n\n<p><\/p>\n","protected":false},"excerpt":{"rendered":"<p>Verein f\u00fcr Menschlichkeit und Toleranz Wir sind Mitglied der Landesarbeitsgemeinschaft der Gedenkst\u00e4tten und Erinnerungsinitiativen zur NS-Zeit in Hessen, im bundesweiten Verein Gegen Vergessen &#8211; F\u00fcr Demokratie e.V. mit Sitz in [&hellip;]<\/p>\n","protected":false},"author":1,"featured_media":21,"parent":0,"menu_order":0,"comment_status":"closed","ping_status":"open","template":"","meta":{"_expiration-date-status":"","_expiration-date":1769647591,"_expiration-date-type":"draft","_expiration-date-categories":[],"_expiration-date-options":[]},"_links":{"self":[{"href":"https:\/\/brueder-schoenfeld-forum.de\/index.php?rest_route=\/wp\/v2\/pages\/4"}],"collection":[{"href":"https:\/\/brueder-schoenfeld-forum.de\/index.php?rest_route=\/wp\/v2\/pages"}],"about":[{"href":"https:\/\/brueder-schoenfeld-forum.de\/index.php?rest_route=\/wp\/v2\/types\/page"}],"author":[{"embeddable":true,"href":"https:\/\/brueder-schoenfeld-forum.de\/index.php?rest_route=\/wp\/v2\/users\/1"}],"replies":[{"embeddable":true,"href":"https:\/\/brueder-schoenfeld-forum.de\/index.php?rest_route=%2Fwp%2Fv2%2Fcomments&post=4"}],"version-history":[{"count":160,"href":"https:\/\/brueder-schoenfeld-forum.de\/index.php?rest_route=\/wp\/v2\/pages\/4\/revisions"}],"predecessor-version":[{"id":1627,"href":"https:\/\/brueder-schoenfeld-forum.de\/index.php?rest_route=\/wp\/v2\/pages\/4\/revisions\/1627"}],"wp:featuredmedia":[{"embeddable":true,"href":"https:\/\/brueder-schoenfeld-forum.de\/index.php?rest_route=\/wp\/v2\/media\/21"}],"wp:attachment":[{"href":"https:\/\/brueder-schoenfeld-forum.de\/index.php?rest_route=%2Fwp%2Fv2%2Fmedia&parent=4"}],"curies":[{"name":"wp","href":"https:\/\/api.w.org\/{rel}","templated":true}]}}

Brüder-Schönfeld-Forum e.V.

<p>Verein für Menschlichkeit und Toleranz</p>



<hr class="wp-block-separator"/>



<hr class="wp-block-separator"/>



<hr class="wp-block-separator"/>



<p></p>



<p>Wir sind Mitglied der Landesarbeitsgemeinschaft der Gedenkstätten und Erinnerungsinitiativen zur NS-Zeit in Hessen, im bundesweiten Verein Gegen Vergessen &#8211; Für Demokratie e.V. mit Sitz in Berlin sowie im Verein Lagergemeinschaft Auschwitz &#8211; Freundeskreis der Auschwitzer e.V, Sitz Münzenberg.</p>



<figure class="wp-block-image size-large"><img loading="lazy" width="250" height="50" src="https://brueder-schoenfeld-forum.de/wp-content/uploads/2021/01/logo_gegenvergessen_mini.jpg" alt="" class="wp-image-275"/></figure>



<figure class="wp-block-image size-large is-resized"><img loading="lazy" src="https://brueder-schoenfeld-forum.de/wp-content/uploads/2026/02/logo_Auschwitzer-1-1024x136.png" alt="" class="wp-image-1589" width="346" height="45" srcset="https://brueder-schoenfeld-forum.de/wp-content/uploads/2026/02/logo_Auschwitzer-1-1024x136.png 1024w, https://brueder-schoenfeld-forum.de/wp-content/uploads/2026/02/logo_Auschwitzer-1-300x40.png 300w, https://brueder-schoenfeld-forum.de/wp-content/uploads/2026/02/logo_Auschwitzer-1-768x102.png 768w, https://brueder-schoenfeld-forum.de/wp-content/uploads/2026/02/logo_Auschwitzer-1.png 1090w" sizes="(max-width: 346px) 100vw, 346px" /></figure>



<div class="wp-block-image"><figure class="alignleft is-resized"><img loading="lazy" src="https://brueder-schoenfeld-forum.de/wp-content/uploads/2025/01/Buendnis_Logo-300x100.webp" alt="" class="wp-image-1311" width="215" height="72" srcset="https://brueder-schoenfeld-forum.de/wp-content/uploads/2025/01/Buendnis_Logo-300x100.webp 300w, https://brueder-schoenfeld-forum.de/wp-content/uploads/2025/01/Buendnis_Logo.webp 588w" sizes="(max-width: 215px) 100vw, 215px" /></figure></div>



<p></p>



<p class="has-text-align-right has-normal-font-size">Eichenheege 12 B, D-63477 Maintal<br>mail@brueder-schoenfeld-forum.de<br>   +49 6181 495889</p>



<p class="has-normal-font-size"></p>



<div class="wp-block-columns alignfull are-vertically-aligned-top">
<div class="wp-block-column is-vertically-aligned-top" style="flex-basis:95%"></div>
</div>



<p class="has-text-align-center">Konto bei der Sparkasse Hanau&nbsp;&nbsp;IBAN DE 93 5065 0023 0053 0108 23 BIC HELADEF1HAN<br>Wir sind vom Finanzamt Hanau als gemeinnützig anerkannt.</p>



<p style="text-align: right;"><span style="color: #808080; background-color: #ffffff;">Vereinslogo: Karin Goetz (†)&nbsp;</span></p>





<hr />
<p> </p>



<p>  </p>



<hr class="wp-block-separator"/>



<hr class="wp-block-separator"/>



<p></p>

<p>Verein für Menschlichkeit und Toleranz Wir sind Mitglied der Landesarbeitsgemeinschaft der Gedenkstätten und Erinnerungsinitiativen zur NS-Zeit in Hessen, im bundesweiten Verein Gegen Vergessen &#8211; Für Demokratie e.V. mit Sitz in [&hellip;]</p>
