{"id":41,"date":"2021-01-08T14:28:10","date_gmt":"2021-01-08T14:28:10","guid":{"rendered":"https:\/\/brueder-schoenfeld-forum.de\/?page_id=41"},"modified":"2021-01-15T13:00:38","modified_gmt":"2021-01-15T13:00:38","slug":"ueber-uns","status":"publish","type":"page","link":"https:\/\/brueder-schoenfeld-forum.de\/?page_id=41","title":{"rendered":"\u00dcber uns"},"content":{"rendered":"\n<div class=\"wp-block-image\"><figure class=\"aligncenter size-large\"><img loading=\"lazy\" width=\"1024\" height=\"795\" src=\"https:\/\/brueder-schoenfeld-forum.de\/wp-content\/uploads\/2021\/01\/10Jahre_2007-1024x795.jpg\" alt=\"\" class=\"wp-image-235\" srcset=\"https:\/\/brueder-schoenfeld-forum.de\/wp-content\/uploads\/2021\/01\/10Jahre_2007-1024x795.jpg 1024w, https:\/\/brueder-schoenfeld-forum.de\/wp-content\/uploads\/2021\/01\/10Jahre_2007-300x233.jpg 300w, https:\/\/brueder-schoenfeld-forum.de\/wp-content\/uploads\/2021\/01\/10Jahre_2007-768x596.jpg 768w, https:\/\/brueder-schoenfeld-forum.de\/wp-content\/uploads\/2021\/01\/10Jahre_2007-1536x1192.jpg 1536w, https:\/\/brueder-schoenfeld-forum.de\/wp-content\/uploads\/2021\/01\/10Jahre_2007.jpg 1983w\" sizes=\"(max-width: 1024px) 100vw, 1024px\" \/><figcaption>Mitglieder des Vereins mit in- und ausl\u00e4ndischen G\u00e4sten im Jahr 2007 vor dem Historischen Rathaus Maintal-Hochstadt (links B\u00fcrgermeister Erhard Rohrbach)<\/figcaption><\/figure><\/div>\n\n\n\n<p>Der Verein Br\u00fcder-Sch\u00f6nfeld-Forum besteht seit 1997. Er wurde zun\u00e4chst als eine von der Stadt Maintal koordinierte Arbeitsgemeinschaft interessierter B\u00fcrgerinnen und B\u00fcrger gef\u00fchrt. Im Jahre 2009 erfolgte dann die Eintragung als rechtsf\u00e4higer Verein beim Amtsgericht Hanau.<\/p>\n\n\n\n<p>Der Satzungzweck ist die F\u00f6rderung des Andenkens an Verfolgte, vor allem in der Zeit der nationalsozialistischen Herrschaft, sowie zur F\u00f6rderung der Toleranz auf allen Gebieten der Kultur<\/p>\n\n\n\n<p>Namensgebend f\u00fcr den Verein sind die Br\u00fcder Horst und Gerhard Sch\u00f6nfeld aus D\u00f6rnigheim (heute zur Stadt Maintal). Sie wurden, weil sie j\u00fcdischen Glaubens waren, mit ihren Eltern Hermann und Rosi Sch\u00f6nfeld im November 1941 nach Kowno (Kaunas) in Litauen deportiert. Bereits drei Tage sp\u00e4ter, am 25. November 1941 wurden sie und weitere 2.930 Juden aus Frankfurt am Main, Berlin und M\u00fcnchen im Fort IX am Rande der Stadt Kowno erschossen. \u00dcberlebende gab es nicht.<\/p>\n\n\n\n<div class=\"wp-container-69e2f8193e824 wp-block-buttons\">\n<div class=\"wp-block-button\"><a class=\"wp-block-button__link\" href=\"https:\/\/brueder-schoenfeld-forum.de\/?page_id=337\" target=\"_blank\" rel=\"noreferrer noopener\">Aktiv werden<\/a><\/div>\n<\/div>\n\n\n\n<p><\/p>\n","protected":false},"excerpt":{"rendered":"<p>Der Verein Br\u00fcder-Sch\u00f6nfeld-Forum besteht seit 1997. Er wurde zun\u00e4chst als eine von der Stadt Maintal koordinierte Arbeitsgemeinschaft interessierter B\u00fcrgerinnen und B\u00fcrger gef\u00fchrt. Im Jahre 2009 erfolgte dann die Eintragung als [&hellip;]<\/p>\n","protected":false},"author":1,"featured_media":0,"parent":0,"menu_order":0,"comment_status":"closed","ping_status":"closed","template":"","meta":{"_expiration-date-status":"saved","_expiration-date":0,"_expiration-date-type":"","_expiration-date-categories":[],"_expiration-date-options":[]},"_links":{"self":[{"href":"https:\/\/brueder-schoenfeld-forum.de\/index.php?rest_route=\/wp\/v2\/pages\/41"}],"collection":[{"href":"https:\/\/brueder-schoenfeld-forum.de\/index.php?rest_route=\/wp\/v2\/pages"}],"about":[{"href":"https:\/\/brueder-schoenfeld-forum.de\/index.php?rest_route=\/wp\/v2\/types\/page"}],"author":[{"embeddable":true,"href":"https:\/\/brueder-schoenfeld-forum.de\/index.php?rest_route=\/wp\/v2\/users\/1"}],"replies":[{"embeddable":true,"href":"https:\/\/brueder-schoenfeld-forum.de\/index.php?rest_route=%2Fwp%2Fv2%2Fcomments&post=41"}],"version-history":[{"count":6,"href":"https:\/\/brueder-schoenfeld-forum.de\/index.php?rest_route=\/wp\/v2\/pages\/41\/revisions"}],"predecessor-version":[{"id":1550,"href":"https:\/\/brueder-schoenfeld-forum.de\/index.php?rest_route=\/wp\/v2\/pages\/41\/revisions\/1550"}],"wp:attachment":[{"href":"https:\/\/brueder-schoenfeld-forum.de\/index.php?rest_route=%2Fwp%2Fv2%2Fmedia&parent=41"}],"curies":[{"name":"wp","href":"https:\/\/api.w.org\/{rel}","templated":true}]}}